 when 124 is divided by 90?
34
What is the remainder when 1369 is divided by 4?
1
Calculate the remainder when 256 is divided by 26.
22
What is the remainder when 34 is divided by 13?
8
What is the remainder when 230 is divided by 110?
10
Calculate the remainder when 3747 is divided by 23.
21
What is the remainder when 156 is divided by 23?
18
Calculate the remainder when 920 is divided by 121.
73
What is the remainder when 2229 is divided by 31?
28
Calculate the remainder when 433 is divided by 21.
13
Calculate the remainder when 301 is divided by 208.
93
What is the remainder when 3919 is divided by 16?
15
Calculate the remainder when 5615 is divided by 280.
15
What is the remainder when 131 is divided by 27?
23
Calculate the remainder when 77 is divided by 72.
5
Calculate the remainder when 35 is divided by 16.
3
What is the remainder when 1054 is divided by 50?
4
Calculate the remainder when 780 is divided by 131.
125
What is the remainder when 257 is divided by 87?
83
What is the remainder when 73 is divided by 13?
8
What is the remainder when 502 is divided by 173?
156
What is the remainder when 1046 is divided by 1002?
44
Calculate the remainder when 2561 is divided by 171.
167
What is the remainder when 1290 is divided by 19?
17
Calculate the remainder when 389 is divided by 132.
125
Calculate the remainder when 548 is divided by 9.
8
What is the remainder when 49 is divided by 14?
7
What is the remainder when 421 is divided by 209?
3
Calculate the remainder when 3798 is divided by 190.
188
What is the remainder when 641 is divided by 266?
109
Calculate the remainder when 258 is divided by 9.
6
Calculate the remainder when 115 is divided by 32.
19
Calculate the remainder when 651 is divided by 82.
77
Calculate the remainder when 3756 is divided by 10.
6
What is the remainder when 144 is divided by 38?
30
Calculate the remainder when 2613 is divided by 187.
182
What is the remainder when 484 is divided by 151?
31
Calculate the remainder when 478 is divided by 12.
10
What is the remainder when 194 is divided by 15?
14
Calculate the remainder when 349 is divided by 10.
9
Calculate the remainder when 1119 is divided by 40.
39
What is the remainder when 3785 is divided by 344?
1
Calculate the remainder when 127 is divided by 91.
36
Calculate the remainder when 373 is divided by 77.
65
What is the remainder when 845 is divided by 226?
167
What is the remainder when 1292 is divided by 108?
104
Calculate the remainder when 322 is divided by 13.
10
Calculate the remainder when 3325 is divided by 279.
256
Calculate the remainder when 744 is divided by 41.
6
Calculate the remainder when 12758 is divided by 8.
6
Calculate the remainder when 85 is divided by 66.
19
Calculate the remainder when 381 is divided by 239.
142
What is the remainder when 768 is divided by 5?
3
What is the remainder when 106 is divided by 86?
20
What is the remainder when 210 is divided by 121?
89
What is the remainder when 1429 is divided by 24?
13
What is the remainder when 74 is divided by 6?
2
What is the remainder when 39 is divided by 8?
7
Calculate the remainder when 5051 is divided by 12.
11
What is the remainder when 110 is divided by 28?
26
Calculate the remainder when 2797 is divided by 50.
47
What is the remainder when 141 is divided by 16?
13
Calculate the remainder when 420 is divided by 135.
15
What is the remainder when 448 is divided by 46?
34
Calculate the remainder when 2766 is divided by 32.
14
Calculate the remainder when 136 is divided by 19.
3
Calculate the remainder when 388 is divided by 78.
76
What is the remainder when 377 is divided by 5?
2
What is the remainder when 2159 is divided by 48?
47
Calculate the remainder when 316 is divided by 64.
60
What is the remainder when 73 is divided by 60?
13
What is the remainder when 762 is divided by 70?
62
Calculate the remainder when 150 is divided by 84.
66
What is the remainder when 252 is divided by 124?
4
What is the remainder when 287 is divided by 34?
15
Calculate the remainder when 509 is divided by 15.
14
Calculate the remainder when 108 is divided by 23.
16
What is the remainder when 23 is divided by 10?
3
What is the remainder when 87 is divided by 58?
29
Calculate the remainder when 724 is divided by 223.
55
What is the remainder when 130 is divided by 53?
24
Calculate the remainder when 177 is divided by 45.
42
Calculate the remainder when 305 is divided by 93.
26
Calculate the remainder when 158 is divided by 12.
2
Calculate the remainder when 540 is divided by 34.
30
Calculate the remainder when 511 is divided by 134.
109
What is the remainder when 527 is divided by 24?
23
Calculate the remainder when 372 is divided by 93.
0
Calculate the remainder when 16 is divided by 9.
7
Calculate the remainder when 17 is divided by 11.
6
Calculate the remainder when 507 is divided by 44.
23
What is the remainder when 1368 is divided by 362?
282
Calculate the remainder when 264 is divided by 38.
36
Calculate the remainder when 194 is divided by 94.
6
What is the remainder when 338 is divided by 145?
48
Calculate the remainder when 973 is divided by 61.
58
What is the remainder when 487 is divided by 139?
70
What is the remainder when 90 is divided by 28?
6
What is the remainder when 38 is divided by 3?
2
What is the remainder when 1425 is divided by 267?
90
Calculate the remainder when 130 is divided by 7.
4
What is the remainder when 22 is divided by 15?
7
What is the remainder when 1023 is divided by 27?
24
Calculate the remainder when 38 is divided by 12.
2
What is the remainder when 1065 is divided by 29?
21
Calculate the remainder when 168 is divided by 26.
12
What is the remainder when 221 is divided by 74?
73
What is the remainder when 70 is divided by 65?
5
What is the remainder when 68 is divided by 55?
13
Calculate the remainder when 610 is divided by 197.
19
What is the remainder when 1022 is divided by 11?
10
What is the remainder when 349 is divided by 24?
13
What is the remainder when 67 is divided by 16?
3
What is the remainder when 126 is divided by 25?
1
Calculate the remainder when 142 is divided by 19.
9
What is the remainder when 43 is divided by 14?
1
What is the remainder when 669 is divided by 100?
69
Calculate the remainder when 138 is divided by 10.
8
Calculate the remainder when 369 is divided by 69.
24
What is the remainder when 285 is divided by 16?
13
What is the remainder when 769 is divided by 40?
9
Calculate the remainder when 2638 is divided by 22.
20
What is the remainder when 157 is divided by 36?
13
Calculate the remainder when 39 is divided by 6.
3
Calculate the remainder when 25 is divided by 11.
3
Calculate the remainder when 8264 is divided by 145.
144
What is the remainder when 7460 is divided by 13?
11
Calculate the remainder when 96 is divided by 40.
16
Calculate the remainder when 1223 is divided by 72.
71
Calculate the remainder when 807 is divided by 748.
59
Calculate the remainder when 20 is divided by 16.
4
What is the remainder when 137 is divided by 51?
35
Calculate the remainder when 1454 is divided by 31.
28
What is the remainder when 613 is divided by 400?
213
Calculate the remainder when 1812 is divided by 49.
48
What is the remainder when 307 is divided by 263?
44
Calculate the remainder when 645 is divided by 9.
6
Calculate the remainder when 33 is divided by 10.
3
What is the remainder when 235 is divided by 78?
1
Calculate the remainder when 70 is divided by 37.
33
What is the remainder when 981 is divided by 243?
9
What is the remainder when 103 is divided by 18?
13
Calculate the remainder when 164 is divided by 14.
10
What is the remainder when 1501 is divided by 302?
293
What is the remainder when 31 is divided by 3?
1
Calculate the remainder when 305 is divided by 12.
5
Calculate the remainder when 265 is divided by 41.
19
Calculate the remainder when 517 is divided by 20.
17
Calculate the remainder when 353 is divided by 60.
53
What is the remainder when 695 is divided by 77?
2
What is the remainder when 1123 is divided by 109?
33
Calculate the remainder when 179 is divided by 13.
10
What is the remainder when 659 is divided by 51?
47
What is the remainder when 179 is divided by 21?
11
Calculate the remainder when 710 is divided by 17.
1